PRAGMA foreign_keys=OFF;
BEGIN TRANSACTION;
CREATE TABLE IF NOT EXISTS "migrations" ("id" integer primary key autoincrement not null, "migration" varchar not null, "batch" integer not null);
INSERT INTO migrations VALUES(136,'0001_01_01_000000_create_users_table',1);
INSERT INTO migrations VALUES(137,'0001_01_01_000001_create_cache_table',1);
INSERT INTO migrations VALUES(138,'0001_01_01_000002_create_jobs_table',1);
INSERT INTO migrations VALUES(139,'2025_03_23_131019_create_campaigns_table',1);
INSERT INTO migrations VALUES(140,'2025_03_30_065146_create_products_table',1);
INSERT INTO migrations VALUES(141,'2025_04_15_054003_add_fields_to_products',2);
INSERT INTO migrations VALUES(142,'2025_04_15_085602_change_type_to_nullable_in_products_table',3);
INSERT INTO migrations VALUES(143,'2025_04_15_090026_change_description_to_nullable_in_products_table',3);
INSERT INTO migrations VALUES(144,'2025_04_15_090409_change_description_to_nullable_in_products_table',3);
INSERT INTO migrations VALUES(145,'2025_04_15_091754_change_availability_to_nullable_in_products_table',3);
INSERT INTO migrations VALUES(146,'2025_04_15_093842_change_quantity_to_nullable_in_products_table',4);
INSERT INTO migrations VALUES(147,'2025_04_15_094028_change_sku_to_nullable_in_products_table',5);
INSERT INTO migrations VALUES(148,'2025_04_15_112218_add_image_path_to_campaigns_table',6);
INSERT INTO migrations VALUES(149,'2025_04_16_071344_add_is_admin_to_users_table',7);
INSERT INTO migrations VALUES(150,'2025_04_16_111552_create_addresses_table',8);
INSERT INTO migrations VALUES(152,'2025_04_16_113900_add_address_id_to_campaigns_table',9);
INSERT INTO migrations VALUES(153,'2025_04_16_152709_remove_user_id_from_addresses_table',9);
INSERT INTO migrations VALUES(154,'2025_04_16_171411_add_address_id_to_campaigns_table',10);
INSERT INTO migrations VALUES(155,'2025_04_23_165517_create_settings_table',11);
INSERT INTO migrations VALUES(156,'2025_04_24_081958_create_orders_table',12);
INSERT INTO migrations VALUES(157,'2025_04_26_173113_add_slug_to_campaigns_table',13);
INSERT INTO migrations VALUES(158,'2025_04_30_142059_add_contact_email_to_orders_table',14);
INSERT INTO migrations VALUES(159,'2025_04_30_142342_2025_04_24_081958_create_orders_table',14);
INSERT INTO migrations VALUES(160,'2025_04_30_142703_create_orders_table',15);
INSERT INTO migrations VALUES(161,'2025_04_30_142824_add_contact_email_to_orders_table',16);
INSERT INTO migrations VALUES(162,'2025_05_12_071725_create_purchase_orders_table',17);
CREATE TABLE IF NOT EXISTS "users" ("id" integer primary key autoincrement not null, "name" varchar not null, "email" varchar not null, "email_verified_at" datetime, "password" varchar not null, "remember_token" varchar, "created_at" datetime, "updated_at" datetime, "is_admin" tinyint(1) not null default '0');
INSERT INTO users VALUES(1,'Test User','test@example.com','2025-04-01 11:51:13','$2y$12$j.1u5NZ1jzIdJEGp5wzsZuY0Lqoli55y1YO9iy1xtAoKCsK1Mx1ji','hGDz64rVGS','2025-04-01 11:51:13','2025-04-01 11:51:13',0);
INSERT INTO users VALUES(2,'Admin User','hpn@oneeach.com',NULL,'$2y$12$hn0ZBzshHj8gkIEV7exXouXCEYH83YdlUzanZYNX2VT25fO678fda',NULL,'2025-04-16 07:04:54','2025-04-16 07:04:54',0);
INSERT INTO users VALUES(3,'Administrator','support@oneeach.com','2025-04-16 07:14:59','$2y$12$FLgyxqjW2it7ahXfxvNtEe2/BpCfxUIaiEJeBySo2kyhNGdxrGwvW','6wnyxeWnHt1bpXYDDw9oZSeMJMONaakc3JBhaATlJGDiJwz6O9jRdwiL6P37','2025-04-16 07:14:59','2025-04-16 07:14:59',1);
INSERT INTO users VALUES(4,'Test','test@oneeach.com',NULL,'$2y$12$525P2tEJsUEuPS0GfrJWse14VOIHhdBIUHkd.ihT3TjnWqdRWgAGi',NULL,'2025-04-16 11:56:38','2025-04-16 11:56:38',0);
CREATE TABLE IF NOT EXISTS "password_reset_tokens" ("email" varchar not null, "token" varchar not null, "created_at" datetime, primary key ("email"));
CREATE TABLE IF NOT EXISTS "sessions" ("id" varchar not null, "user_id" integer, "ip_address" varchar, "user_agent" text, "payload" text not null, "last_activity" integer not null, primary key ("id"));
INSERT INTO sessions VALUES('smxKBcxEbs9kjw63hmlPhhSVYtOLeCVQ47Q5Uhea',NULL,'172.17.0.4','Mozilla/5.0 (Macintosh; Intel Mac OS X 10_15_7) AppleWebKit/605.1.15 (KHTML, like Gecko) Version/18.3.1 Safari/605.1.15','YTo0OntzOjY6Il90b2tlbiI7czo0MDoiQWVaQWZoRkVWSHpyNjlJdUZzdGlyNGJhSWRwSUxhdG1oYVowaVoxRCI7czo5OiJfcHJldmlvdXMiO2E6MTp7czozOiJ1cmwiO3M6NDI6Imh0dHBzOi8vbWctY29yZS5kZGV2LnNpdGUvY2hlY2tvdXQvcHJlcGFyZSI7fXM6NjoiX2ZsYXNoIjthOjI6e3M6Mzoib2xkIjthOjA6e31zOjM6Im5ldyI7YTowOnt9fXM6MjY6IjR5VGxUREt1M29KT2Z6RF9jYXJ0X2l0ZW1zIjtPOjMyOiJEYXJyeWxkZWNvZGVcQ2FydFxDYXJ0Q29sbGVjdGlvbiI6Mjp7czo4OiIAKgBpdGVtcyI7YToxOntpOjIzMjtPOjMyOiJEYXJyeWxkZWNvZGVcQ2FydFxJdGVtQ29sbGVjdGlvbiI6Mzp7czo4OiIAKgBpdGVtcyI7YTo2OntzOjI6ImlkIjtzOjM6IjIzMiI7czo0OiJuYW1lIjtzOjE4MzoiQmVkc3VyZSBTYXRpbiBQaWxsb3djYXNlcywgU2ltaWxhciB0byBTaWxrIFBpbGxvdyBDYXNlcyBRdWVlbiBTaXplIFNldCBvZiAyLCBDb29saW5nIFBpbGxvdyBDYXNlIGZvciBIb3QgU2xlZXBlcnMgd2l0aCBFbnZlbG9wZSBDbG9zdXJlLCBHaWZ0cyBmb3IgV29tZW4gTWVuLCBTaWx2ZXIgR3JleSwgMjB4MzAgSW5jaGVzIjtzOjU6InByaWNlIjtkOjYuOTk7czo4OiJxdWFudGl0eSI7aToxO3M6MTA6ImF0dHJpYnV0ZXMiO086NDE6IkRhcnJ5bGRlY29kZVxDYXJ0XEl0ZW1BdHRyaWJ1dGVDb2xsZWN0aW9uIjoyOntzOjg6IgAqAGl0ZW1zIjthOjY6e3M6OToiaW1hZ2VfdXJsIjtzOjU5OiJodHRwczovL20ubWVkaWEtYW1hem9uLmNvbS9pbWFnZXMvSS83MU02YThTSENlTC5fU1kyNTBfLmpwZyI7czoxMToiY2FtcGFpZ25faWQiO3M6MToiNiI7czoxMDoiYWRkcmVzc19pZCI7czoxOiIxIjtzOjE1OiJhZGRyZXNzX2RldGFpbHMiO2E6Njp7czoyOiJpZCI7aToxO3M6ODoibmlja25hbWUiO3M6NDoiSG9tZSI7czo2OiJsaW5lXzEiO3M6MjQ6IkpvaG4gU21pdGgsIDEyMyBNYWluIFN0LCI7czo0OiJjaXR5IjtzOjc6IkFueXRvd24iO3M6NToic3RhdGUiO3M6MjoiQ0EiO3M6MzoiemlwIjtzOjU6IjkxMjM0Ijt9czo0OiJhc2luIjtzOjEwOiJCMDcyNVdGTE1CIjtzOjQ6InR5cGUiO3M6OToiYWJwcm9kdWN0Ijt9czoyODoiACoAZXNjYXBlV2hlbkNhc3RpbmdUb1N0cmluZyI7YjowO31zOjEwOiJjb25kaXRpb25zIjthOjA6e319czoyODoiACoAZXNjYXBlV2hlbkNhc3RpbmdUb1N0cmluZyI7YjowO3M6OToiACoAY29uZmlnIjthOjY6e3M6MTQ6ImZvcm1hdF9udW1iZXJzIjtiOjA7czo4OiJkZWNpbWFscyI7aTowO3M6OToiZGVjX3BvaW50IjtzOjE6Ii4iO3M6MTM6InRob3VzYW5kc19zZXAiO3M6MToiLCI7czo3OiJzdG9yYWdlIjtOO3M6NjoiZXZlbnRzIjtOO319fXM6Mjg6IgAqAGVzY2FwZVdoZW5DYXN0aW5nVG9TdHJpbmciO2I6MDt9fQ==',1747023048);
INSERT INTO sessions VALUES('pjrlFHeC23J8r1pDqss1D9QWGxUeAonsCwqcc8fH',3,'172.17.0.4','Mozilla/5.0 (Macintosh; Intel Mac OS X 10_15_7) AppleWebKit/605.1.15 (KHTML, like Gecko) Version/18.3.1 Safari/605.1.15','YTo2OntzOjY6Il90b2tlbiI7czo0MDoidDV0RW5YYmttWGJiMXlKQTRTdW5WbFNuNGk4R09NQWxJdkxRY0NlUCI7czo5OiJfcHJldmlvdXMiO2E6MTp7czozOiJ1cmwiO3M6Mzg6Imh0dHBzOi8vbWctY29yZS5kZGV2LnNpdGUvYWRtaW4vb3JkZXJzIjt9czo2OiJfZmxhc2giO2E6Mjp7czozOiJvbGQiO2E6MDp7fXM6MzoibmV3IjthOjA6e319czoyNjoiNHlUbFRES3Uzb0pPZnpEX2NhcnRfaXRlbXMiO086MzI6IkRhcnJ5bGRlY29kZVxDYXJ0XENhcnRDb2xsZWN0aW9uIjoyOntzOjg6IgAqAGl0ZW1zIjthOjE6e2k6MjMyO086MzI6IkRhcnJ5bGRlY29kZVxDYXJ0XEl0ZW1Db2xsZWN0aW9uIjozOntzOjg6IgAqAGl0ZW1zIjthOjY6e3M6MjoiaWQiO3M6MzoiMjMyIjtzOjQ6Im5hbWUiO3M6MTgzOiJCZWRzdXJlIFNhdGluIFBpbGxvd2Nhc2VzLCBTaW1pbGFyIHRvIFNpbGsgUGlsbG93IENhc2VzIFF1ZWVuIFNpemUgU2V0IG9mIDIsIENvb2xpbmcgUGlsbG93IENhc2UgZm9yIEhvdCBTbGVlcGVycyB3aXRoIEVudmVsb3BlIENsb3N1cmUsIEdpZnRzIGZvciBXb21lbiBNZW4sIFNpbHZlciBHcmV5LCAyMHgzMCBJbmNoZXMiO3M6NToicHJpY2UiO2Q6OC45OTtzOjg6InF1YW50aXR5IjtpOjE7czoxMDoiYXR0cmlidXRlcyI7Tzo0MToiRGFycnlsZGVjb2RlXENhcnRcSXRlbUF0dHJpYnV0ZUNvbGxlY3Rpb24iOjI6e3M6ODoiACoAaXRlbXMiO2E6Njp7czo5OiJpbWFnZV91cmwiO3M6NTk6Imh0dHBzOi8vbS5tZWRpYS1hbWF6b24uY29tL2ltYWdlcy9JLzcxTTZhOFNIQ2VMLl9TWTI1MF8uanBnIjtzOjExOiJjYW1wYWlnbl9pZCI7czoxOiI2IjtzOjEwOiJhZGRyZXNzX2lkIjtzOjE6IjEiO3M6MTU6ImFkZHJlc3NfZGV0YWlscyI7YTo2OntzOjI6ImlkIjtpOjE7czo4OiJuaWNrbmFtZSI7czo0OiJIb21lIjtzOjY6ImxpbmVfMSI7czoyNDoiSm9obiBTbWl0aCwgMTIzIE1haW4gU3QsIjtzOjQ6ImNpdHkiO3M6NzoiQW55dG93biI7czo1OiJzdGF0ZSI7czoyOiJDQSI7czozOiJ6aXAiO3M6NToiOTEyMzQiO31zOjQ6ImFzaW4iO3M6MTA6IkIwNzI1V0ZMTUIiO3M6NDoidHlwZSI7czo5OiJhYnByb2R1Y3QiO31zOjI4OiIAKgBlc2NhcGVXaGVuQ2FzdGluZ1RvU3RyaW5nIjtiOjA7fXM6MTA6ImNvbmRpdGlvbnMiO2E6MDp7fX1zOjI4OiIAKgBlc2NhcGVXaGVuQ2FzdGluZ1RvU3RyaW5nIjtiOjA7czo5OiIAKgBjb25maWciO2E6Njp7czoxNDoiZm9ybWF0X251bWJlcnMiO2I6MDtzOjg6ImRlY2ltYWxzIjtpOjA7czo5OiJkZWNfcG9pbnQiO3M6MToiLiI7czoxMzoidGhvdXNhbmRzX3NlcCI7czoxOiIsIjtzOjc6InN0b3JhZ2UiO047czo2OiJldmVudHMiO047fX19czoyODoiACoAZXNjYXBlV2hlbkNhc3RpbmdUb1N0cmluZyI7YjowO31zOjUwOiJsb2dpbl93ZWJfNTliYTM2YWRkYzJiMmY5NDAxNTgwZjAxNGM3ZjU4ZWE0ZTMwOTg5ZCI7aTozO3M6MjI6IlBIUERFQlVHQkFSX1NUQUNLX0RBVEEiO2E6MDp7fX0=',1747036136);
INSERT INTO sessions VALUES('Z9vQAdjiRGkaGyFvhUQhLzQ8oEKuZyplJk9Rkqyq',3,'172.17.0.4','Mozilla/5.0 (Macintosh; Intel Mac OS X 10_15_7) AppleWebKit/605.1.15 (KHTML, like Gecko) Version/18.3.1 Safari/605.1.15','YTo1OntzOjY6Il90b2tlbiI7czo0MDoiR3lXTUNUMmNDMDNwWGtzRDVLd3l6enNUeEZNNGt3aFh1a0VzUkNVVCI7czozOiJ1cmwiO2E6MDp7fXM6OToiX3ByZXZpb3VzIjthOjE6e3M6MzoidXJsIjtzOjM4OiJodHRwczovL21nLWNvcmUuZGRldi5zaXRlL2FkbWluL3RoZW1lcyI7fXM6NjoiX2ZsYXNoIjthOjI6e3M6Mzoib2xkIjthOjA6e31zOjM6Im5ldyI7YTowOnt9fXM6NTA6ImxvZ2luX3dlYl81OWJhMzZhZGRjMmIyZjk0MDE1ODBmMDE0YzdmNThlYTRlMzA5ODlkIjtpOjM7fQ==',1747058228);
CREATE TABLE IF NOT EXISTS "cache" ("key" varchar not null, "value" text not null, "expiration" integer not null, primary key ("key"));
INSERT INTO cache VALUES('amazon_b_access_token','s:417:"Atza|IwEBIGTLlscZmYWeRiYdKPTcws4CMWw9MbUlVNuhfbcVnAMxdrSWk02Y0jhAvG2MtCi01AeZgCycFYQQnSY9ZqjXO48IF7424RbQu0H9ADn5l6yBff2RlIiIxzdg-gmfIw9NwSFSkDPLt5LYIpKaneqPz5R6rw342OMvYylzQzOdXWQiJh1DVEjadUrXsM5aFy3TO7JReenHITuTCLOY50NlTzLTabULV8ng1CPnA-QPBoVnw5-oDVDrdVrQaVYr7WW1aQW22Az77y-B9ntQhtuKvOLI1gNNCd-VaOhbT6YD0-yuSJxmT_AkWxcL1zZqY4N9NyTcBEseKGW0M8_QVlU5I2vq8lniMrkeYgll_1t9yCtazuIUaisdReSRhqDEdSJIHs4ADJe9HHALSrGuMSg0P9AX";',1747227774);
CREATE TABLE IF NOT EXISTS "cache_locks" ("key" varchar not null, "owner" varchar not null, "expiration" integer not null, primary key ("key"));
CREATE TABLE IF NOT EXISTS "jobs" ("id" integer primary key autoincrement not null, "queue" varchar not null, "payload" text not null, "attempts" integer not null, "reserved_at" integer, "available_at" integer not null, "created_at" integer not null);
CREATE TABLE IF NOT EXISTS "job_batches" ("id" varchar not null, "name" varchar not null, "total_jobs" integer not null, "pending_jobs" integer not null, "failed_jobs" integer not null, "failed_job_ids" text not null, "options" text, "cancelled_at" integer, "created_at" integer not null, "finished_at" integer, primary key ("id"));
CREATE TABLE IF NOT EXISTS "failed_jobs" ("id" integer primary key autoincrement not null, "uuid" varchar not null, "connection" text not null, "queue" text not null, "payload" text not null, "exception" text not null, "failed_at" datetime not null default CURRENT_TIMESTAMP);
CREATE TABLE IF NOT EXISTS "campaign_product" ("id" integer primary key autoincrement not null, "campaign_id" integer not null, "product_id" integer not null, "created_at" datetime, "updated_at" datetime, foreign key("campaign_id") references "campaigns"("id") on delete cascade, foreign key("product_id") references "products"("id") on delete cascade);
INSERT INTO campaign_product VALUES(101,1,101,NULL,NULL);
INSERT INTO campaign_product VALUES(102,1,102,NULL,NULL);
INSERT INTO campaign_product VALUES(103,1,103,NULL,NULL);
INSERT INTO campaign_product VALUES(104,1,104,NULL,NULL);
INSERT INTO campaign_product VALUES(105,1,105,NULL,NULL);
INSERT INTO campaign_product VALUES(106,1,106,NULL,NULL);
INSERT INTO campaign_product VALUES(107,1,107,NULL,NULL);
INSERT INTO campaign_product VALUES(109,1,109,NULL,NULL);
INSERT INTO campaign_product VALUES(110,1,110,NULL,NULL);
INSERT INTO campaign_product VALUES(111,1,111,NULL,NULL);
INSERT INTO campaign_product VALUES(112,1,112,NULL,NULL);
INSERT INTO campaign_product VALUES(113,1,113,NULL,NULL);
INSERT INTO campaign_product VALUES(114,1,114,NULL,NULL);
INSERT INTO campaign_product VALUES(115,1,115,NULL,NULL);
INSERT INTO campaign_product VALUES(116,1,116,NULL,NULL);
INSERT INTO campaign_product VALUES(117,1,117,NULL,NULL);
INSERT INTO campaign_product VALUES(118,1,118,NULL,NULL);
INSERT INTO campaign_product VALUES(119,1,119,NULL,NULL);
INSERT INTO campaign_product VALUES(120,1,120,NULL,NULL);
INSERT INTO campaign_product VALUES(121,1,121,NULL,NULL);
INSERT INTO campaign_product VALUES(122,1,122,NULL,NULL);
INSERT INTO campaign_product VALUES(123,1,123,NULL,NULL);
INSERT INTO campaign_product VALUES(125,1,125,NULL,NULL);
INSERT INTO campaign_product VALUES(126,1,126,NULL,NULL);
INSERT INTO campaign_product VALUES(127,1,127,NULL,NULL);
INSERT INTO campaign_product VALUES(208,6,99,NULL,NULL);
INSERT INTO campaign_product VALUES(214,6,121,NULL,NULL);
INSERT INTO campaign_product VALUES(235,9,221,NULL,NULL);
INSERT INTO campaign_product VALUES(236,9,223,NULL,NULL);
INSERT INTO campaign_product VALUES(237,9,222,NULL,NULL);
INSERT INTO campaign_product VALUES(238,9,225,NULL,NULL);
INSERT INTO campaign_product VALUES(239,9,224,NULL,NULL);
INSERT INTO campaign_product VALUES(240,9,226,NULL,NULL);
INSERT INTO campaign_product VALUES(249,6,223,NULL,NULL);
INSERT INTO campaign_product VALUES(250,6,222,NULL,NULL);
INSERT INTO campaign_product VALUES(251,6,225,NULL,NULL);
INSERT INTO campaign_product VALUES(252,6,224,NULL,NULL);
INSERT INTO campaign_product VALUES(253,6,221,NULL,NULL);
INSERT INTO campaign_product VALUES(254,6,227,NULL,NULL);
INSERT INTO campaign_product VALUES(255,6,130,NULL,NULL);
INSERT INTO campaign_product VALUES(256,6,168,NULL,NULL);
INSERT INTO campaign_product VALUES(257,6,178,NULL,NULL);
INSERT INTO campaign_product VALUES(258,6,147,NULL,NULL);
INSERT INTO campaign_product VALUES(259,6,230,NULL,NULL);
INSERT INTO campaign_product VALUES(260,6,231,NULL,NULL);
INSERT INTO campaign_product VALUES(261,6,232,NULL,NULL);
INSERT INTO campaign_product VALUES(262,6,228,NULL,NULL);
INSERT INTO campaign_product VALUES(263,6,229,NULL,NULL);
CREATE TABLE IF NOT EXISTS "products" ("id" integer primary key autoincrement not null, "type" varchar, "name" varchar not null, "description" text, "price" integer not null, "availability" tinyint(1), "quantity" integer, "sku" integer, "created_at" datetime, "updated_at" datetime, "asin" varchar, "image_url" varchar, "product_url" varchar);
INSERT INTO products VALUES(95,'optio','cumque','Exercitationem vero molestiae rem.',48,0,6,35750601,'2025-04-01 11:51:13','2025-04-01 11:51:13',NULL,NULL,NULL);
INSERT INTO products VALUES(98,'molestiae','harum','Odit voluptatum reprehenderit est voluptas.',35,1,5,41444966,'2025-04-01 11:51:13','2025-04-01 11:51:13',NULL,NULL,NULL);
INSERT INTO products VALUES(99,'exercitationem','aspernatur','Quia veniam quo magnam.',8,0,9,28410169,'2025-04-01 11:51:13','2025-04-01 11:51:13',NULL,NULL,NULL);
INSERT INTO products VALUES(100,'quibusdam','molestiae','Deleniti ipsam repellendus.',70,0,8,98651890,'2025-04-01 11:51:13','2025-04-01 11:51:13',NULL,NULL,NULL);
INSERT INTO products VALUES(101,'in','non','Omnis cumque explicabo aut.',14,0,3,92244741,'2025-04-01 11:51:13','2025-04-01 11:51:13',NULL,NULL,NULL);
INSERT INTO products VALUES(102,'ipsam','dolores','Voluptatum et ut distinctio.',98,1,7,28606358,'2025-04-01 11:51:13','2025-04-01 11:51:13',NULL,NULL,NULL);
INSERT INTO products VALUES(103,'non','dolor','Quisquam ex voluptates deserunt minus voluptatibus.',60,0,5,73667002,'2025-04-01 11:51:13','2025-04-01 11:51:13',NULL,NULL,NULL);
INSERT INTO products VALUES(104,'eveniet','itaque','Nemo enim perferendis.',41,0,6,22569614,'2025-04-01 11:51:13','2025-04-01 11:51:13',NULL,NULL,NULL);
INSERT INTO products VALUES(105,'voluptatem','quam','Inventore est sed dolorem aut.',35,1,7,32728862,'2025-04-01 11:51:13','2025-04-01 11:51:13',NULL,NULL,NULL);
INSERT INTO products VALUES(106,'veritatis','dolores','Est nulla adipisci et.',24,0,8,45999474,'2025-04-01 11:51:13','2025-04-01 11:51:13',NULL,NULL,NULL);
INSERT INTO products VALUES(107,'est','quo','Illum quasi in nostrum et quidem.',83,1,3,22363714,'2025-04-01 11:51:13','2025-04-01 11:51:13',NULL,NULL,NULL);
INSERT INTO products VALUES(108,'cupiditate','cum','Blanditiis officia rem culpa aut.',54,0,1,63630235,'2025-04-01 11:51:13','2025-04-01 11:51:13',NULL,NULL,NULL);
INSERT INTO products VALUES(109,'consequatur','eum','Dolor culpa voluptatem ab aperiam.',70,1,5,86971868,'2025-04-01 11:51:13','2025-04-01 11:51:13',NULL,NULL,NULL);
INSERT INTO products VALUES(110,'qui','ratione','Ex officiis tempora et fugit.',48,1,7,58176767,'2025-04-01 11:51:13','2025-04-01 11:51:13',NULL,NULL,NULL);
INSERT INTO products VALUES(111,'aut','exercitationem','Distinctio iste adipisci qui.',29,1,2,32655909,'2025-04-01 11:51:13','2025-04-01 11:51:13',NULL,NULL,NULL);
INSERT INTO products VALUES(112,'laudantium','dolor','Distinctio voluptate necessitatibus temporibus.',71,0,8,14753205,'2025-04-01 11:51:13','2025-04-01 11:51:13',NULL,NULL,NULL);
INSERT INTO products VALUES(113,'doloribus','cumque','Culpa dicta labore laboriosam id.',31,0,7,35614773,'2025-04-01 11:51:13','2025-04-01 11:51:13',NULL,NULL,NULL);
INSERT INTO products VALUES(114,'cumque','est','Ipsa qui fugiat ratione.',54,1,6,36407182,'2025-04-01 11:51:13','2025-04-01 11:51:13',NULL,NULL,NULL);
INSERT INTO products VALUES(115,'illum','officia','Asperiores sit quisquam hic unde dolore.',50,1,2,94995497,'2025-04-01 11:51:13','2025-04-01 11:51:13',NULL,NULL,NULL);
INSERT INTO products VALUES(116,'tempore','ea','In ut quia.',7,0,4,99596224,'2025-04-01 11:51:13','2025-04-01 11:51:13',NULL,NULL,NULL);
INSERT INTO products VALUES(117,'ex','voluptas','Laborum beatae vel et minima ipsam.',82,1,7,42144278,'2025-04-01 11:51:13','2025-04-01 11:51:13',NULL,NULL,NULL);
INSERT INTO products VALUES(118,'quia','eveniet','Vitae nesciunt voluptatibus.',84,1,8,87511027,'2025-04-01 11:51:13','2025-04-01 11:51:13',NULL,NULL,NULL);
INSERT INTO products VALUES(119,'officiis','sint','Dolorem autem quisquam sint fuga.',34,0,3,61677507,'2025-04-01 11:51:13','2025-04-01 11:51:13',NULL,NULL,NULL);
INSERT INTO products VALUES(120,'esse','natus','Odio fugiat eos itaque magnam.',39,1,9,80112104,'2025-04-01 11:51:13','2025-04-01 11:51:13',NULL,NULL,NULL);
INSERT INTO products VALUES(121,'distinctio','accusamus','Ut officia eum officia suscipit.',9,0,8,53136067,'2025-04-01 11:51:13','2025-04-01 11:51:13',NULL,NULL,NULL);
INSERT INTO products VALUES(122,'inventore','qui','Et numquam velit.',53,1,5,57825129,'2025-04-01 11:51:13','2025-04-01 11:51:13',NULL,NULL,NULL);
INSERT INTO products VALUES(123,'ea','sed','Laborum vel accusantium.',32,0,2,63752285,'2025-04-01 11:51:13','2025-04-01 11:51:13',NULL,NULL,NULL);
INSERT INTO products VALUES(124,'dolore','aut','Quas inventore et velit deleniti nulla.',3,0,3,86765879,'2025-04-01 11:51:13','2025-04-01 11:51:13',NULL,NULL,NULL);
INSERT INTO products VALUES(125,'libero','earum','Sed occaecati aut.',2,1,1,40632070,'2025-04-01 11:51:13','2025-04-01 11:51:13',NULL,NULL,NULL);
INSERT INTO products VALUES(126,'iste','qui','Nihil dignissimos pariatur.',74,1,9,43336809,'2025-04-01 11:51:13','2025-04-01 11:51:13',NULL,NULL,NULL);
INSERT INTO products VALUES(127,'omnis','laudantium','Nihil deserunt odit et.',62,1,9,28035690,'2025-04-01 11:51:13','2025-04-01 11:51:13',NULL,NULL,NULL);
INSERT INTO products VALUES(128,'qui','corporis','Et magni neque expedita et.',11,1,1,89121539,'2025-04-01 11:51:13','2025-04-01 11:51:13',NULL,NULL,NULL);
INSERT INTO products VALUES(129,'rerum','dolore','Neque velit et.',72,0,3,79559811,'2025-04-01 11:51:13','2025-04-01 11:51:13',NULL,NULL,NULL);
INSERT INTO products VALUES(130,'et','aliquid','Fuga ipsa eveniet magnam doloremque.',9,0,4,26935466,'2025-04-01 11:51:13','2025-04-01 11:51:13',NULL,NULL,NULL);
INSERT INTO products VALUES(131,'deleniti','distinctio','Debitis consequatur iste aut dolorem facere.',23,0,6,10720758,'2025-04-01 11:51:13','2025-04-01 11:51:13',NULL,NULL,NULL);
INSERT INTO products VALUES(132,'rerum','et','Ab sed animi.',19,1,4,94779519,'2025-04-01 11:51:13','2025-04-01 11:51:13',NULL,NULL,NULL);
INSERT INTO products VALUES(133,'enim','rerum','Cumque similique facilis commodi iusto.',69,1,7,87984244,'2025-04-01 11:51:13','2025-04-01 11:51:13',NULL,NULL,NULL);
INSERT INTO products VALUES(134,'aut','debitis','Dolor provident eum.',8,1,3,88191583,'2025-04-01 11:51:13','2025-04-01 11:51:13',NULL,NULL,NULL);
INSERT INTO products VALUES(135,'molestiae','consequuntur','Quo et dolores.',82,0,2,91983508,'2025-04-01 11:51:13','2025-04-01 11:51:13',NULL,NULL,NULL);
INSERT INTO products VALUES(136,'aut','qui','Earum impedit hic modi debitis.',69,1,3,58582391,'2025-04-01 11:51:13','2025-04-01 11:51:13',NULL,NULL,NULL);
INSERT INTO products VALUES(137,'molestiae','est','Aspernatur qui id.',38,1,4,59685203,'2025-04-01 11:51:13','2025-04-01 11:51:13',NULL,NULL,NULL);
INSERT INTO products VALUES(138,'omnis','quam','Molestias non aut.',45,0,5,15907238,'2025-04-01 11:51:13','2025-04-01 11:51:13',NULL,NULL,NULL);
INSERT INTO products VALUES(139,'et','possimus','Cupiditate suscipit quis aliquam ducimus.',64,0,4,42631258,'2025-04-01 11:51:13','2025-04-01 11:51:13',NULL,NULL,NULL);
INSERT INTO products VALUES(140,'tempore','enim','Assumenda rerum tempore voluptatem explicabo.',24,0,6,60048207,'2025-04-01 11:51:13','2025-04-01 11:51:13',NULL,NULL,NULL);
INSERT INTO products VALUES(141,'sed','nostrum','Cupiditate nisi adipisci temporibus.',67,1,7,85030159,'2025-04-01 11:51:13','2025-04-01 11:51:13',NULL,NULL,NULL);
INSERT INTO products VALUES(142,'ut','quas','Quas occaecati in est qui.',38,1,6,27050009,'2025-04-01 11:51:13','2025-04-01 11:51:13',NULL,NULL,NULL);
INSERT INTO products VALUES(143,'provident','sit','Adipisci veniam at laborum rem necessitatibus.',69,0,8,17109753,'2025-04-01 11:51:13','2025-04-01 11:51:13',NULL,NULL,NULL);
INSERT INTO products VALUES(144,'et','est','Voluptatem in itaque odit.',72,1,2,41567086,'2025-04-01 11:51:13','2025-04-01 11:51:13',NULL,NULL,NULL);
INSERT INTO products VALUES(145,'ab','doloribus','Non fugiat quasi culpa mollitia.',13,0,9,24716657,'2025-04-01 11:51:13','2025-04-01 11:51:13',NULL,NULL,NULL);
INSERT INTO products VALUES(146,'dolore','molestiae','Amet voluptatem quis quas id.',75,0,8,15074899,'2025-04-01 11:51:13','2025-04-01 11:51:13',NULL,NULL,NULL);
INSERT INTO products VALUES(147,'porro','a','Optio enim reiciendis eaque repellendus.',10,1,5,31451813,'2025-04-01 11:51:13','2025-04-01 11:51:13',NULL,NULL,NULL);
INSERT INTO products VALUES(148,'id','sit','Non ut ad qui.',41,0,6,87873182,'2025-04-01 11:51:13','2025-04-01 11:51:13',NULL,NULL,NULL);
INSERT INTO products VALUES(149,'necessitatibus','aspernatur','Ab et numquam.',44,1,2,79496759,'2025-04-01 11:51:13','2025-04-01 11:51:13',NULL,NULL,NULL);
INSERT INTO products VALUES(150,'voluptatibus','minus','Nesciunt nisi qui sit voluptatem.',94,1,8,96783463,'2025-04-01 11:51:13','2025-04-01 11:51:13',NULL,NULL,NULL);
INSERT INTO products VALUES(151,'neque','est','Est eaque est sunt quibusdam.',67,1,4,36636117,'2025-04-01 11:51:13','2025-04-01 11:51:13',NULL,NULL,NULL);
INSERT INTO products VALUES(152,'natus','vero','Minus velit qui voluptate.',99,0,5,67546322,'2025-04-01 11:51:13','2025-04-01 11:51:13',NULL,NULL,NULL);
INSERT INTO products VALUES(153,'doloribus','ut','Occaecati eius illo aut.',34,0,2,37312459,'2025-04-01 11:51:13','2025-04-01 11:51:13',NULL,NULL,NULL);
INSERT INTO products VALUES(154,'aut','ex','Maiores repudiandae consequatur quia dolores.',78,1,3,98812688,'2025-04-01 11:51:13','2025-04-01 11:51:13',NULL,NULL,NULL);
INSERT INTO products VALUES(155,'iste','maiores','Autem non quis id sunt nobis.',20,0,1,75033258,'2025-04-01 11:51:13','2025-04-01 11:51:13',NULL,NULL,NULL);
INSERT INTO products VALUES(156,'quo','nostrum','Provident omnis sunt.',73,1,4,18554549,'2025-04-01 11:51:13','2025-04-01 11:51:13',NULL,NULL,NULL);
INSERT INTO products VALUES(157,'beatae','quis','Est nihil ducimus consequuntur harum.',27,0,2,86418915,'2025-04-01 11:51:13','2025-04-01 11:51:13',NULL,NULL,NULL);
INSERT INTO products VALUES(158,'repellendus','consequatur','Ut voluptas tenetur quia deserunt.',48,0,1,29340537,'2025-04-01 11:51:13','2025-04-01 11:51:13',NULL,NULL,NULL);
INSERT INTO products VALUES(159,'a','est','Exercitationem soluta ut quia voluptate.',45,0,8,15097207,'2025-04-01 11:51:13','2025-04-01 11:51:13',NULL,NULL,NULL);
INSERT INTO products VALUES(160,'sed','explicabo','Sunt omnis nisi.',99,0,6,21465003,'2025-04-01 11:51:13','2025-04-01 11:51:13',NULL,NULL,NULL);
INSERT INTO products VALUES(161,'est','voluptatum','Qui laboriosam architecto ratione consequatur.',27,1,1,45327847,'2025-04-01 11:51:13','2025-04-01 11:51:13',NULL,NULL,NULL);
INSERT INTO products VALUES(162,'similique','voluptatem','Provident ducimus eum sint.',12,1,9,90217484,'2025-04-01 11:51:13','2025-04-01 11:51:13',NULL,NULL,NULL);
INSERT INTO products VALUES(163,'delectus','et','Quia non aliquam rem.',92,0,5,21336791,'2025-04-01 11:51:13','2025-04-01 11:51:13',NULL,NULL,NULL);
INSERT INTO products VALUES(164,'architecto','incidunt','Quis voluptatibus adipisci magnam et.',20,0,2,87852297,'2025-04-01 11:51:13','2025-04-01 11:51:13',NULL,NULL,NULL);
INSERT INTO products VALUES(165,'autem','eveniet','Suscipit dignissimos ratione quaerat ipsa.',46,1,6,17774750,'2025-04-01 11:51:13','2025-04-01 11:51:13',NULL,NULL,NULL);
INSERT INTO products VALUES(166,'sint','sit','Dolores atque ullam consequatur.',94,0,4,13860635,'2025-04-01 11:51:13','2025-04-01 11:51:13',NULL,NULL,NULL);
INSERT INTO products VALUES(167,'odio','dignissimos','Doloribus omnis aliquam.',7,0,6,84103588,'2025-04-01 11:51:13','2025-04-01 11:51:13',NULL,NULL,NULL);
INSERT INTO products VALUES(168,'iusto','aut','Tempore neque dolorum quis.',34,1,1,76347144,'2025-04-01 11:51:13','2025-04-01 11:51:13',NULL,NULL,NULL);
INSERT INTO products VALUES(169,'cupiditate','saepe','Voluptas cumque id tenetur.',32,1,7,45058390,'2025-04-01 11:51:13','2025-04-01 11:51:13',NULL,NULL,NULL);
INSERT INTO products VALUES(170,'dolor','quod','Enim omnis animi eligendi ut.',67,1,2,32998118,'2025-04-01 11:51:13','2025-04-01 11:51:13',NULL,NULL,NULL);
INSERT INTO products VALUES(171,'rerum','corrupti','Animi dicta blanditiis ut nesciunt.',91,0,7,15268141,'2025-04-01 11:51:13','2025-04-01 11:51:13',NULL,NULL,NULL);
INSERT INTO products VALUES(172,'accusamus','sit','Soluta incidunt sunt laboriosam.',4,0,5,93521663,'2025-04-01 11:51:13','2025-04-01 11:51:13',NULL,NULL,NULL);
INSERT INTO products VALUES(173,'molestiae','et','Quia delectus ea.',66,1,8,82654446,'2025-04-01 11:51:13','2025-04-01 11:51:13',NULL,NULL,NULL);
INSERT INTO products VALUES(174,'est','odit','Similique iste in voluptas.',63,1,6,62834477,'2025-04-01 11:51:13','2025-04-01 11:51:13',NULL,NULL,NULL);
INSERT INTO products VALUES(175,'cum','rerum','Neque nam quis.',27,1,3,22038104,'2025-04-01 11:51:13','2025-04-01 11:51:13',NULL,NULL,NULL);
INSERT INTO products VALUES(176,'ut','fugiat','Est et qui fuga eius.',42,0,9,32834179,'2025-04-01 11:51:13','2025-04-01 11:51:13',NULL,NULL,NULL);
INSERT INTO products VALUES(177,'modi','corrupti','Incidunt voluptatum qui.',8,0,3,31783730,'2025-04-01 11:51:13','2025-04-01 11:51:13',NULL,NULL,NULL);
INSERT INTO products VALUES(178,'qui','quis','Officia explicabo ipsa repellat.',67,1,5,45078095,'2025-04-01 11:51:13','2025-04-01 11:51:13',NULL,NULL,NULL);
INSERT INTO products VALUES(179,'excepturi','ad','Commodi vel maiores optio.',21,0,8,34202690,'2025-04-01 11:51:13','2025-04-01 11:51:13',NULL,NULL,NULL);
INSERT INTO products VALUES(180,'facere','voluptate','Commodi est quis neque qui.',100,0,6,86372382,'2025-04-01 11:51:13','2025-04-01 11:51:13',NULL,NULL,NULL);
INSERT INTO products VALUES(181,'accusamus','et','Earum aperiam dolor animi consequatur itaque.',64,1,1,21933136,'2025-04-01 11:51:13','2025-04-01 11:51:13',NULL,NULL,NULL);
INSERT INTO products VALUES(182,'sapiente','quaerat','Assumenda quia non quia neque.',72,0,8,42754671,'2025-04-01 11:51:13','2025-04-01 11:51:13',NULL,NULL,NULL);
INSERT INTO products VALUES(183,'ratione','corrupti','Reprehenderit molestiae eos.',54,1,3,88353767,'2025-04-01 11:51:13','2025-04-01 11:51:13',NULL,NULL,NULL);
INSERT INTO products VALUES(184,'laudantium','quia','Aliquam a harum consequatur nihil rem.',19,0,3,75149574,'2025-04-01 11:51:13','2025-04-01 11:51:13',NULL,NULL,NULL);
INSERT INTO products VALUES(185,'amet','magni','Vel occaecati dolore autem aut repudiandae.',81,0,6,99348412,'2025-04-01 11:51:13','2025-04-01 11:51:13',NULL,NULL,NULL);
INSERT INTO products VALUES(186,'at','numquam','Atque eum quo sed.',16,0,2,37222909,'2025-04-01 11:51:13','2025-04-01 11:51:13',NULL,NULL,NULL);
INSERT INTO products VALUES(187,'asperiores','perspiciatis','Est minima ut ipsum voluptatem voluptatem.',8,1,1,96657514,'2025-04-01 11:51:13','2025-04-01 11:51:13',NULL,NULL,NULL);
INSERT INTO products VALUES(188,'voluptas','nisi','Sint vero qui eligendi nisi.',34,0,3,43405221,'2025-04-01 11:51:13','2025-04-01 11:51:13',NULL,NULL,NULL);
INSERT INTO products VALUES(189,'at','sunt','Laborum aspernatur nesciunt fugit enim.',45,0,8,16040197,'2025-04-01 11:51:13','2025-04-01 11:51:13',NULL,NULL,NULL);
INSERT INTO products VALUES(190,'qui','sit','Ducimus voluptas et saepe.',44,0,7,47757906,'2025-04-01 11:51:13','2025-04-01 11:51:13',NULL,NULL,NULL);
INSERT INTO products VALUES(191,'laboriosam','quo','Commodi distinctio et sed omnis eos.',63,1,4,89900186,'2025-04-01 11:51:13','2025-04-01 11:51:13',NULL,NULL,NULL);
INSERT INTO products VALUES(192,'soluta','sint','Nihil modi perspiciatis quisquam officiis.',2,1,8,70153663,'2025-04-01 11:51:13','2025-04-01 11:51:13',NULL,NULL,NULL);
INSERT INTO products VALUES(193,'incidunt','non','Modi eaque ipsum debitis amet.',91,0,2,41504134,'2025-04-01 11:51:13','2025-04-01 11:51:13',NULL,NULL,NULL);
INSERT INTO products VALUES(194,'velit','praesentium','Nemo qui voluptatibus error.',28,1,2,74756868,'2025-04-01 11:51:13','2025-04-01 11:51:13',NULL,NULL,NULL);
INSERT INTO products VALUES(195,'repudiandae','debitis','Sit autem dolorem enim quis enim.',84,0,6,61845686,'2025-04-01 11:51:13','2025-04-01 11:51:13',NULL,NULL,NULL);
INSERT INTO products VALUES(196,'veniam','vero','Vitae fugit perferendis non.',72,1,1,26837847,'2025-04-01 11:51:13','2025-04-01 11:51:13',NULL,NULL,NULL);
INSERT INTO products VALUES(197,'ut','labore','Labore dicta eligendi ut sapiente itaque.',84,1,9,84991687,'2025-04-01 11:51:13','2025-04-01 11:51:13',NULL,NULL,NULL);
INSERT INTO products VALUES(198,'quia','explicabo','Ab sit vitae dolor dolore fugit.',71,0,5,88910594,'2025-04-01 11:51:13','2025-04-01 11:51:13',NULL,NULL,NULL);
INSERT INTO products VALUES(221,'abproduct','Amazon Basics Classic Puresoft PU Padded Mid-Back Height Adjustable Office Computer Desk Chair with Armrest, 26"D x 23.75"W x 42"H, Black','Amazon Basics Classic Puresoft PU-Padded Mid-Back Office Computer Desk Chair with Armrest - Black',86.739999999999994884,NULL,NULL,NULL,'2025-04-26 04:45:41','2025-04-26 04:45:41','B081H3Y5NW','https://m.media-amazon.com/images/I/71i08qnZeDL._SY250_.jpg','https://www.amazon.com/dp/B081H3Y5NW?ref_=ab_psdp');
INSERT INTO products VALUES(222,'abproduct','Marsail Ergonomic Office Chair: Office Computer Desk Chair with High Back Mesh and Adjustable Lumbar Support Rolling Work Swivel Task Chairs with Wheel 3D Armrests and Headrest','We strives to bring ultimate comfort and efficiency with its ergonomic concept, both at home and in the office.',124.98999999999999488,NULL,NULL,NULL,'2025-04-26 04:45:42','2025-04-26 04:45:42','B0CP22DQQS','https://m.media-amazon.com/images/I/71-tTLbGokL._SY250_.jpg','https://www.amazon.com/dp/B0CP22DQQS?ref_=ab_psdp');
INSERT INTO products VALUES(223,'abproduct','Furmax Office Executive Chair High Back Adjustable Managerial Home Desk Chair, Swivel Computer PU Leather Chair with Lumbar Support (Black)',replace('Furmax High Back Office Exectuive Chair \nThe Furmax High Back Office Exectuive Chair is perfectly comfortable for long periods\n It has a very modern look to it, large thick pad, soft texture slow down the pressure of the sedentary\n Passed BIFMA certification, more relialbe and sturdy for your daily working \n The chair can perfectly fit your body shape, give you the most comfortable support.\n Welcome to the new way to enjoy office life. \n\nDo you have an office job and have to spend half a day sitting in a chair? \nWhat you need is the new Furmax high back executive chair!\nOur chair can satisfy all of your needs, let this high back office exectuive chair accompany your family office life. \n \nFeatures:\nComfortable office chair upholstered in black bonded leather \nFully adjustable height with 360-degree swivel rotation \nlarge thick pad, soft texture slow down the pressure of the sedentary \nThe ergonomic design can relieve your tired feeling and pressure during long workdays \nHeavy duty base with Wheels \nAdjustable seat flexibility \nBackrest height adjustable down to a comfortable position \n \nSpecifications:\nSeat Dimensions :19.8"(W) x 21.8"(D) \nBack Dimentions:21.8"(W) x 24.8"(H) \nAdjustable Height:4.0" \nMax Weight :300 lbs \n \nPackage Includes:\nRacing style Chair \nInstallation Hardware \nInstallation Tool \nInstallation Manual','\n',char(10)),95.980000000000003979,NULL,NULL,NULL,'2025-04-26 04:45:44','2025-04-30 01:34:20','B07T291QPJ','https://m.media-amazon.com/images/I/719NUE4jRvL._SY250_.jpg','https://www.amazon.com/dp/B07T291QPJ?ref_=ab_psdp');
INSERT INTO products VALUES(224,'abproduct','Oline ErgoAir Ergonomic Office Chair – Adjustable Lumbar Support, Flip-Up Armrests, Mesh Computer Desk Chair, Swivel Rolling Executive Gaming Chair for Home & Office (Black)','ErgoAir Ergonomic Office Chair',119.95000000000000284,NULL,NULL,NULL,'2025-04-26 04:45:45','2025-04-26 04:45:45','B0BCDC3X61','https://m.media-amazon.com/images/I/71Rx+B3Ey2L._SY250_.jpg','https://www.amazon.com/dp/B0BCDC3X61?ref_=ab_psdp');
INSERT INTO products VALUES(225,'abproduct','Office Chair, Ergonomic Desk Chair with Adjustable Lumbar Support, High Back Mesh Computer Chair with Flip-up Armrests-BIFMA Passed Task Chairs, Executive Chair for Home Office','1',93.489999999999994884,NULL,NULL,NULL,'2025-04-26 04:45:47','2025-04-26 04:45:47','B09JWFHX3Z','https://m.media-amazon.com/images/I/71PfqseKnsL._SY250_.jpg','https://www.amazon.com/dp/B09JWFHX3Z?ref_=ab_psdp');
INSERT INTO products VALUES(226,'abproduct','Sweetcrispy Office Computer Desk Chair, Ergonomic Mid-Back Mesh Rolling Work Swivel Task Chairs with Wheels, Comfortable Lumbar Support, Comfy Flip-up Arms for Home, Bedroom, Study, Student, Black',replace('The Modern Compact Ergonomic High-End Mesh Chair\n Specification:\n Overall Height:37.8"-41.5"\n Seat Height:18.5"-22.2"\n Seat Size: 20"*18.5"*3.15"\n Back Height: 20"\n\n Extremely Good Air Permeability\n The breathable office chair with a mesh backrest will promote air circulation, allowing you to sit cozily for long hours and keeping your hips and legs cool and sweat-free.\n\n Comfortable Features\n This height-adjustable chair with a swivel that has a full 360°for reaching and moving between different areas around you. It allows you to sit comfortably in a suitable position to improve your posture and overall health while working. The durable nylon base is heavy-duty for long-lasting use.\n\n Smooth Rolling Casters\n Our computer chairs come with safe, multi-direction wheels that allow you to move the chair around with zero effort. The sturdy casters can be ensuring smooth and quiet movement on any surface.\n\n Unrivaled Quality\n Designed and built using only high-quality material and a secure mechanical structure. It is perfect for the office, design room, bedroom, study room, apartment, etc. \n\n Sales Service: We provide friendly, easy-to-reach support.\n\n Notes:\n We strongly recommend reading the user manual before starting to assemble the product. \n\n What''s in the box\n 1 Office mesh chair\n 1 Set of assembling tools\n 1 User manual','\n',char(10)),63.170000000000001705,NULL,NULL,NULL,'2025-04-26 04:45:48','2025-04-26 04:45:48','B0D3CX7FTL','https://m.media-amazon.com/images/I/71jjdNeAioL._SY250_.jpg','https://www.amazon.com/dp/B0D3CX7FTL?ref_=ab_psdp');
INSERT INTO products VALUES(227,'abproduct','NEO CHAIR High Back Mesh Office Chair with Adjustable Height Ergonomic Design Executive Lumbar Support Padded Flip-up Armrests and Swivel Function for Home Office Gaming Computer Desk (Black)','gaming chair office desk computer ergonomic criss adjustable wheels chairs swivel bedroom comfy home arm back support mesh legged executive rolling lumbar flip-armrests comfortable wide conference room vanity cozy student work leg arms adults study kitchen fabric legs seat aesthetic sitting rolly crossed cushioned plush desks padded cushion classroom space students officechair cloth comfort gamer secretary armrest adult locking supports waterfall sit deskchair wheel tilt lock minimalist ergonomics rests roller game foam durable spine health movable fluffy craftsman rocking teenager crisscross high-back flip-arms breathable officer seats offices supportadjustable supportive sturdy home-office computerchair casters armrests highback studying officechairs classic assemble office products contemporary',64.969999999999998863,NULL,NULL,NULL,'2025-04-30 01:34:22','2025-04-30 01:34:22','B0DKNN49QP','https://m.media-amazon.com/images/I/81FQJC44NIL._SY250_.jpg','https://www.amazon.com/dp/B0DKNN49QP?ref_=ab_psdp');
INSERT INTO products VALUES(228,'abproduct','Utopia Bedding Queen Pillow Cases - Pack of 12 - Envelope Closure - Soft Brushed Microfiber Fabric - Shrinkage and Fade Resistant Pillow Covers Queen Size 20 X 30 Inches (White)','Luxury Pillowcase Pack. Our Pillow Cases are expertly tailored, featuring optimal softness and hassle-free maintenance. The microfiber fabric is brushed for a soft feel and easy care. Soft luxury bedding. Elegant tailoring and expertly sewn hems. Fade-resistant and stain-resistant. Machine wash on cold, tumble dry on low.',19.989999999999998437,NULL,NULL,NULL,'2025-05-08 09:25:08','2025-05-08 09:25:08','B00XK9CXSA','https://m.media-amazon.com/images/I/61g6mq7cwNL._SY250_.jpg','https://www.amazon.com/dp/B00XK9CXSA?ref_=ab_psdp');
INSERT INTO products VALUES(229,'abproduct','ZPECC White Pillow Cases Bulk 24 Pack - Standard Pillowcases with Envelope Closure, Soft Brushed Microfiber Pillow Cover for Hotel Airb&bs Hospital Bedding Essential','Pillowcases',32.289999999999999147,NULL,NULL,NULL,'2025-05-08 09:25:09','2025-05-08 09:25:09','B0C7T6QMKB','https://m.media-amazon.com/images/I/71J8IaQaSiL._SY250_.jpg','https://www.amazon.com/dp/B0C7T6QMKB?ref_=ab_psdp');
INSERT INTO products VALUES(230,'abproduct','1000 Thread Count, Soft & Smooth, 100% Cotton Sateen Weave, Hotel-Quality, Set of 2 Classic Style Bright White Pillow Cases Standard Size Fits Std & Queen Size Pillows','Experience the ultimate in comfort with these 1000 Thread Count pillowcases, crafted from 100% pure cotton for a smooth and durable finish. Made from premium long staple cotton fibers, these pillowcases offer a cool and breathable sleep experience. They are colored with long lasting dyes that ensure vibrant hues wash after wash. Each piece is meticulously handcrafted and inspected to ensure the highest quality. Designed for convenience, these pillowcases feature a perfect fit and an easy slip in design, keeping your pillows securely in place. The breathable cotton fabric helps regulate temperature, keeping you cool and comfortable throughout the night. Enjoy easy care with machine wash and a short dry cycle, making these pillowcases a practical and luxurious addition to your bedding.',26.980000000000000426,NULL,NULL,NULL,'2025-05-08 09:25:11','2025-05-08 09:25:11','B07FYJPG94','https://m.media-amazon.com/images/I/61LJIYk2G5L._SY250_.jpg','https://www.amazon.com/dp/B07FYJPG94?ref_=ab_psdp');
INSERT INTO products VALUES(231,'abproduct','Amazon Basics Standard Pillow Cases Set of 2 - Lightweight, Super Soft Easy Care Microfiber, Bright White, 30" L x 20" W, Pillows Not Included','These pillow cases are designed to fit extra large pillow cases, each long pillow case measures 30" L x 20" W, accommodating standard size pillow covers. Crafted from polyester microfiber, these large pillow cases offer remarkable softness and durability. The standard size pillow cases are easy to maintain; simply machine wash warm, avoid bleach, and tumble dry on a low setting to keep them looking pristine.',6.4599999999999999645,NULL,NULL,NULL,'2025-05-08 09:25:12','2025-05-08 09:25:12','B07B4Z9L7M','https://m.media-amazon.com/images/I/71OOmWM5m8S._SY250_.jpg','https://www.amazon.com/dp/B07B4Z9L7M?ref_=ab_psdp');
INSERT INTO products VALUES(232,'abproduct','Bedsure Satin Pillowcases, Similar to Silk Pillow Cases Queen Size Set of 2, Cooling Pillow Case for Hot Sleepers with Envelope Closure, Gifts for Women Men, Silver Grey, 20x30 Inches','Bedsure Satin Pillowcase for Hair and Skin Queen - Silver Grey Silky Pillowcase 20x30 Inches - Set of 2 with Envelope Closure, Similar to Silk Pillow Cases, Gifts for Women Men',6.9900000000000002132,NULL,NULL,NULL,'2025-05-08 09:25:14','2025-05-08 09:25:14','B0725WFLMB','https://m.media-amazon.com/images/I/71M6a8SHCeL._SY250_.jpg','https://www.amazon.com/dp/B0725WFLMB?ref_=ab_psdp');
CREATE TABLE IF NOT EXISTS "addresses" ("id" integer primary key autoincrement not null, "nickname" varchar, "address_line_1" varchar not null, "address_line_2" varchar, "city" varchar not null, "state" varchar not null, "zip_code" varchar not null, "country" varchar not null default ('US'), "is_default" tinyint(1) not null default ('0'), "created_at" datetime, "updated_at" datetime);
INSERT INTO addresses VALUES(1,'Home','John Smith, 123 Main St,',NULL,'Anytown','CA','91234','US',0,'2025-04-16 11:29:09','2025-04-24 11:35:38');
INSERT INTO addresses VALUES(2,'Work','13th Avenue','Crocodile Park','California','CA','12434','US',0,'2025-04-16 16:02:19','2025-04-24 04:07:39');
INSERT INTO addresses VALUES(3,'Default Shipping Location','8135 Brook Brooks',NULL,'Port Korbin','OK','08083-4215','US',1,'2025-04-24 11:35:38','2025-04-24 11:35:38');
INSERT INTO addresses VALUES(4,'libero aut Location','34960 Nels Locks Suite 782','Suite 421','Hansenchester','IL','55645','US',0,'2025-04-24 11:35:38','2025-04-24 11:35:38');
INSERT INTO addresses VALUES(5,'minima qui Location','2585 Vincenza Dale','Suite 471','Padbergstad','VT','70745-3649','US',0,'2025-04-24 11:35:38','2025-04-24 11:35:38');
INSERT INTO addresses VALUES(6,'tempore error Location','8469 Efren Common','Apt. 301','Lake Bennieport','GA','29399','US',0,'2025-04-24 11:35:38','2025-04-24 11:35:38');
INSERT INTO addresses VALUES(7,'excepturi modi Location','202 Jakubowski Stravenue',NULL,'Leonardport','CA','69364','US',0,'2025-04-24 11:35:38','2025-04-24 11:35:38');
CREATE TABLE IF NOT EXISTS "campaigns" ("id" integer primary key autoincrement not null, "title" varchar not null, "description" text not null, "type" varchar not null, "notes" text, "enabled" tinyint(1) not null default ('1'), "created_at" datetime, "updated_at" datetime, "image_path" varchar, "address_id" integer, "slug" varchar, foreign key("address_id") references "addresses"("id") on delete set null);
INSERT INTO campaigns VALUES(1,'Suma''s great Campaign of 2025',replace(replace('Temporibus rem esse molestiae sit quia. Et eum architecto sit. Ex autem illum exercitationem ea.\r\n\r\nTemporibus rem esse molestiae sit quia. Et eum architecto sit. Ex autem illum exercitationem ea.','\r',char(13)),'\n',char(10)),'default','Illo explicabo pariatur voluptas commodi est omnis. Laborum repellendus natus et repellendus sed aut. Voluptatem ea nulla quia dolorem est. Velit ducimus laborum consequatur voluptatem ratione dolorum. Hic pariatur quae voluptatibus dignissimos dolore omnis omnis. Delectus fuga ut velit cumque iste sed. Minus ut molestiae iusto voluptatem aut et. Quia repudiandae quo id laborum.',1,'2025-04-01 11:51:13','2025-04-26 17:34:07','campaign_images/cRJPKTJC0Uis7bkeYAvvs1MNutPN3DlmYCWIAqn8.jpg',1,'sumas-great-campaign-of-2025');
INSERT INTO campaigns VALUES(6,'Tony''s Campaign of 2025','Just some description here.','default','Notes go here.',1,'2025-04-16 01:12:09','2025-04-26 17:34:07','campaign_images/NOmxtnWUggI2VkAFvXVCmWMQVqP3TYgHKVGa7QIw.jpg',1,'tonys-campaign-of-2025');
INSERT INTO campaigns VALUES(9,'Meals Give Away of the Month','Lorem ipsum dolor sit amet, consectetur adipiscing elit. Nunc eget porttitor massa, a accumsan neque. Maecenas sit amet lacus vulputate sem sagittis tristique. Maecenas consequat ut massa at lacinia. Etiam nulla felis, tincidunt vel dui et, accumsan bibendum dui. Morbi gravida tellus in massa imperdiet laoreet ut ut magna. Integer luctus magna quis ullamcorper cursus. Ut pulvinar condimentum purus ac accumsan. Nulla porta lectus libero, ac aliquet massa tristique ac. Praesent sed nulla massa. Aliquam felis urna, mattis eget porttitor in, iaculis in elit. Phasellus maximus mollis velit eget pretium.','default',NULL,1,'2025-04-16 16:39:04','2025-04-26 17:34:07','campaign_images/yZqAL6erSoOSWG1lLaAm88xlUWBysI2ENTG4A8pd.jpg',1,'meals-give-away-of-the-month');
CREATE TABLE IF NOT EXISTS "settings" ("key" varchar not null, "value" text, "created_at" datetime, "updated_at" datetime, primary key ("key"));
INSERT INTO settings VALUES('stripe_key','pk_test_51RH6PdQf6QrUz2YENzr2rbjglIIMDT7j2LZ884bncbpIBozkmHEeAiDGdSSKcFwogzcy9SMY4CByCdrkJtE7H4BC00eVLgyXgG','2025-04-23 17:10:16','2025-04-23 17:10:16');
INSERT INTO settings VALUES('stripe_secret','eyJpdiI6IlZNaDQ2MVc1dDJDcVJwdjlCTFRmQ2c9PSIsInZhbHVlIjoiTzIyWUYySzVaQXAxQk5lVDlDVlc5Z2tGSnU0b0dXaDJNVXF1N0wrZ2xFaTlYWVNUcGxrS0hEQW1uYlNyWnZNeEhuZ1FnQ1FtdG9hOG9TWWhuRXZ1bTFTa3lrMnFYWWg0a0ZkaktmdW54elZNVVVFeXM4ZlluM1RzaW84Sjg3VWJ6QUJOb2UwYjN2UW1EUTRldW9TdG5RPT0iLCJtYWMiOiI3YTkxZjBkMzQ4MWQ1NGFhZmE4NGEzYjYyNDEwM2U4YTgxNDZjMGM0YzcwYTJkMWJiMGUzMjM5MjZjOWY3ZTc2IiwidGFnIjoiIn0=','2025-04-23 17:10:16','2025-04-23 17:10:16');
INSERT INTO settings VALUES('till_merchant_id','OneEach_WEB_Dev','2025-04-23 17:10:16','2025-04-27 07:04:36');
INSERT INTO settings VALUES('till_api_key','CWJNNGThIhv9Gd7JLiYOIjOaQ4USBP','2025-04-23 17:10:16','2025-04-27 07:04:36');
INSERT INTO settings VALUES('till_endpoint','https://gateway.tillpayments.com/api/v3','2025-04-23 17:10:16','2025-04-27 07:04:36');
INSERT INTO settings VALUES('enable_campaign_bulk_delete','0','2025-04-27 06:40:27','2025-04-27 08:03:49');
INSERT INTO settings VALUES('enable_product_bulk_delete','0','2025-04-27 06:40:27','2025-04-27 08:03:49');
INSERT INTO settings VALUES('app_timezone','UTC','2025-04-27 06:40:27','2025-04-27 06:40:27');
INSERT INTO settings VALUES('org_name','Mindful Giving 2.0','2025-04-27 06:40:27','2025-04-27 06:40:27');
INSERT INTO settings VALUES('org_email','notifications@oneeach.com','2025-04-27 06:40:27','2025-04-27 06:40:27');
INSERT INTO settings VALUES('till_secret','eyJpdiI6InU4SENlbHFUMDNlRkNHMENXWnN2clE9PSIsInZhbHVlIjoiOTJEQUNjUG8rMFRrUFRoZzkzczVJV2trNG42YzBVY1N0cjl2SnhxRFJmQT0iLCJtYWMiOiI5M2U5Yjg2ODA5M2YyMjI4OWQ1YzQ5ZDQyNzdjNjMyYTc3ZGIwMjJjYjYwYjVhOWY5YjZlNTM1YmFjZWNkMTkwIiwidGFnIjoiIn0=','2025-04-27 07:04:36','2025-04-27 07:04:36');
INSERT INTO settings VALUES('active_payment_gateway','stripe','2025-04-27 07:04:36','2025-04-28 16:19:56');
INSERT INTO settings VALUES('mail_mailer','ses','2025-04-27 07:13:15','2025-04-27 07:13:15');
INSERT INTO settings VALUES('mail_host',NULL,'2025-04-27 07:13:15','2025-04-27 07:13:15');
INSERT INTO settings VALUES('mail_port',NULL,'2025-04-27 07:13:15','2025-04-27 07:13:15');
INSERT INTO settings VALUES('mail_username',NULL,'2025-04-27 07:13:15','2025-04-27 07:13:15');
INSERT INTO settings VALUES('mail_password',NULL,'2025-04-27 07:13:15','2025-04-27 07:13:15');
INSERT INTO settings VALUES('mail_encryption','tls','2025-04-27 07:13:15','2025-04-27 07:13:15');
INSERT INTO settings VALUES('mail_from_address','no-reply@oneeach.com','2025-04-27 07:13:15','2025-04-27 07:13:15');
INSERT INTO settings VALUES('mail_from_name','Mindful Giving 2.0','2025-04-27 07:13:15','2025-04-27 07:13:15');
INSERT INTO settings VALUES('mailgun_domain',NULL,'2025-04-27 07:13:15','2025-04-27 07:13:15');
INSERT INTO settings VALUES('mailgun_secret',NULL,'2025-04-27 07:13:15','2025-04-27 07:13:15');
INSERT INTO settings VALUES('mailgun_endpoint',NULL,'2025-04-27 07:13:15','2025-04-27 07:13:15');
INSERT INTO settings VALUES('postmark_token',NULL,'2025-04-27 07:13:15','2025-04-27 07:13:15');
INSERT INTO settings VALUES('ses_key','eyJpdiI6Ii95UmxhU3FJQVN1cnQ3NVZxQ3ZKRFE9PSIsInZhbHVlIjoiRVhzVTJ2V3hSNmd3clNUcnV3RXRtMkh3aVhkU1ltRVVOdGZMcTRsSXdicz0iLCJtYWMiOiI5ODE5ZWRiZTRhZmQ1NjM2MzQ5OTk0OTc3OTYxOWUxNTZkMzMzNGRlMDMxOTVjOTBhZThlMTY0YmFiMGY5NDQ5IiwidGFnIjoiIn0=','2025-04-27 07:13:15','2025-04-27 07:13:15');
INSERT INTO settings VALUES('ses_secret','eyJpdiI6IjhxZkd5QVdvQnJzcHJnajloM1dLMVE9PSIsInZhbHVlIjoiU1Q0dHdQTjRtdWxiSTZDcmxLNms3UWFpTm9KNXNYTHRCYzlISER2YzcxdVVMcU5Ob3c0KzNRakxZa0tpbVJaRCIsIm1hYyI6ImI4MTZmODQzYTE5NGI2Y2RjNGE4NTZiYWI1YjhjMDExOGQ1MDM4MDlmMjllMTQwZjdjYmRmMDA0NjYyOGIxNmQiLCJ0YWciOiIifQ==','2025-04-27 07:13:15','2025-04-27 07:13:15');
INSERT INTO settings VALUES('ses_region','us-east-1','2025-04-27 07:13:15','2025-04-27 07:13:15');
INSERT INTO settings VALUES('active_marketing_provider','none','2025-04-27 07:56:27','2025-04-27 07:56:27');
INSERT INTO settings VALUES('mailchimp_api_key',NULL,'2025-04-27 07:56:27','2025-04-27 07:56:27');
INSERT INTO settings VALUES('mailchimp_server_prefix',NULL,'2025-04-27 07:56:27','2025-04-27 07:56:27');
INSERT INTO settings VALUES('mailchimp_list_id',NULL,'2025-04-27 07:56:27','2025-04-27 07:56:27');
INSERT INTO settings VALUES('constant_contact_api_key',NULL,'2025-04-27 07:56:27','2025-04-27 07:56:27');
INSERT INTO settings VALUES('constant_contact_secret',NULL,'2025-04-27 07:56:27','2025-04-27 07:56:27');
INSERT INTO settings VALUES('constant_contact_access_token',NULL,'2025-04-27 07:56:27','2025-04-27 07:56:27');
INSERT INTO settings VALUES('constant_contact_list_id',NULL,'2025-04-27 07:56:27','2025-04-27 07:56:27');
CREATE TABLE IF NOT EXISTS "orders" ("id" integer primary key autoincrement not null, "address_id" integer, "campaign_id" integer, "user_id" integer, "status" varchar check ("status" in ('pending', 'completed', 'failed')) not null default 'pending', "amazon_po_number" varchar, "total_product_value" numeric not null default '0', "donation_amount" numeric not null default '0', "error_message" text, "cart_items" text, "created_at" datetime, "updated_at" datetime, "contact_email" varchar not null, foreign key("address_id") references "addresses"("id") on delete set null, foreign key("campaign_id") references "campaigns"("id") on delete set null, foreign key("user_id") references "users"("id") on delete set null);
CREATE TABLE IF NOT EXISTS "purchase_orders" ("id" integer primary key autoincrement not null, "po_number" varchar not null, "supplier_name" varchar not null, "total_amount" numeric not null, "status" varchar not null default 'pending', "created_at" datetime, "updated_at" datetime);
DELETE FROM sqlite_sequence;
INSERT INTO sqlite_sequence VALUES('migrations',162);
INSERT INTO sqlite_sequence VALUES('campaign_product',263);
INSERT INTO sqlite_sequence VALUES('users',4);
INSERT INTO sqlite_sequence VALUES('products',232);
INSERT INTO sqlite_sequence VALUES('addresses',7);
INSERT INTO sqlite_sequence VALUES('campaigns',10);
CREATE UNIQUE INDEX "users_email_unique" on "users" ("email");
CREATE INDEX "sessions_user_id_index" on "sessions" ("user_id");
CREATE INDEX "sessions_last_activity_index" on "sessions" ("last_activity");
CREATE INDEX "jobs_queue_index" on "jobs" ("queue");
CREATE UNIQUE INDEX "failed_jobs_uuid_unique" on "failed_jobs" ("uuid");
CREATE INDEX "orders_address_id_index" on "orders" ("address_id");
CREATE INDEX "orders_campaign_id_index" on "orders" ("campaign_id");
CREATE INDEX "orders_user_id_index" on "orders" ("user_id");
CREATE INDEX "orders_status_index" on "orders" ("status");
CREATE INDEX "campaigns_slug_index" on "campaigns" ("slug");
CREATE UNIQUE INDEX "campaigns_slug_unique" on "campaigns" ("slug");
CREATE UNIQUE INDEX "purchase_orders_po_number_unique" on "purchase_orders" ("po_number");
COMMIT;
